{"id":4218,"date":"2019-05-17T10:54:43","date_gmt":"2019-05-17T08:54:43","guid":{"rendered":"http:\/\/www.laconsolata.org\/?page_id=4218"},"modified":"2026-03-12T09:24:32","modified_gmt":"2026-03-12T08:24:32","slug":"la-consolata-in-dialogo-con-torino","status":"publish","type":"page","link":"https:\/\/www.laconsolata.org\/index.php\/web-tv\/la-consolata-in-dialogo-con-torino\/","title":{"rendered":"La Consolata in dialogo con Torino &#8211; 2019"},"content":{"rendered":"<p>A partire da luned\u00ec 8 aprile 2019, ogni <strong>secondo luned\u00ec del mese<\/strong>, alle <strong>ore 21<\/strong>, il nostro Santuario aprir\u00e0 le porte alla citt\u00e0 per incontri pubblici sui grandi temi di attualit\u00e0.<\/p>\n<p>Lo far\u00e0 in collaborazione con il settimanale diocesano <strong>\u00abLa Voce e il Tempo\u00bb<\/strong>, come presenza attiva sulle vicende del tempo che stiamo vivendo.<\/p>\n<p>E&#8217; possibile ascoltare i dibattiti cliccando sui titoli degli incontri.<\/p>\n<p><strong>Luned\u00ec 8 aprile 2019: <span style=\"color: #800000;\"><em>\u00abDio perdona, noi no? Il confine fra Giustizia e Carit\u00e0\u00bb<\/em><\/span>.<\/strong> Relatore: <strong>Marcello Maddalena<\/strong>, magistrato.<\/p>\n<p><strong>Luned\u00ec 13 maggio 2019:&nbsp;<span style=\"color: #800000;\"><a style=\"color: #800000;\" href=\"https:\/\/www.youtube.com\/channel\/UCq8zQVbQVxq3eNWhcfKXhMQ\/about\" target=\"_blank\" rel=\"noopener noreferrer\"><em>\u00abPerch\u00e8 i musulmani onorano Maria Madre di Ges\u00f9\u00bb<\/em><\/a><\/span>.<\/strong> Relatore: <strong>Yusuf Abd Al-Hakim Carrara (Coreis), <\/strong>Imam della Comunit\u00e0 Religiosa Islamica<strong>. <\/strong><\/p>\n<p><strong>Luned\u00ec 10 giugno 2019: <span style=\"color: #800000;\">\u00ab<\/span><em><span style=\"color: #800000;\"><a style=\"color: #800000;\" href=\"https:\/\/youtu.be\/4bnuLCxmw9U\" target=\"_blank\" rel=\"noopener noreferrer\">La lezione dimenticata delle due guerre mondiali<\/a>\u00bb<\/span>. <\/em><\/strong>Relatore: <strong>Alessandro Barbero<\/strong>, storico.<\/p>\n<p><strong>Luned\u00ec 14 ottobre 2019: <span style=\"color: #800000;\">\u00ab<\/span><em><span style=\"color: #800000;\"><a style=\"color: #800000;\" href=\"https:\/\/www.youtube.com\/watch?v=FBscG1dokjA\" target=\"_blank\" rel=\"noopener noreferrer\">Eutanasia e suicidio assistito, tutte le ombre<\/a>\u00bb<\/span>. <\/em><\/strong>Relatori: <strong>Don Carmine Arice<\/strong>, Padre Superiore Piccola Casa della Divina Provvidenza e <strong>Pier Paolo Donadio<\/strong>, Dottore Primario anestesista e rianimatore presso l&#8217;Ospedale Molinette di Torino.<\/p>\n<p><strong>Luned\u00ec 11 novembre 2019: <span style=\"color: #800000;\">\u00ab<\/span><em><span style=\"color: #800000;\"><a style=\"color: #800000;\" href=\"https:\/\/www.youtube.com\/watch?v=-wS51vEbv6o&amp;feature=youtu.be\">L&#8217;Europa 30 dopo la caduta del muro di Berlino<\/a>\u00bb<\/span>. <\/em><\/strong>Relatore: <strong>Luigi Geninazzi<\/strong>, scrittore, giornalista ed inviato speciale all&#8217;estero del quotidiano <strong>Avvenire<\/strong>.<\/p>\n<p><strong>Luned\u00ec 9 dicembre 2019: <em>\u00ab<span style=\"color: #800000;\"><a style=\"color: #800000;\" href=\"https:\/\/www.youtube.com\/watch?v=mw6U6qocxO0\">Gerusalemme citt\u00e0 di Dio e dell\u2019uomo, della pace e della guerra<\/a><\/span>\u00bb. <\/em><\/strong>Relatore:&nbsp;<strong>Giovanni Maria Flick<\/strong>, presidente emerito della Corte costituzionale.<\/p>\n<p>L&#8217;ingresso alle serate \u00e8 libero.<\/p>\n","protected":false},"excerpt":{"rendered":"<p>A partire da luned\u00ec 8 aprile 2019, ogni secondo luned\u00ec del mese, alle ore 21, il nostro Santuario aprir\u00e0 le porte alla citt\u00e0 per incontri pubblici sui grandi temi di attualit\u00e0.<br \/>\nLo far\u00e0 in collaborazione con il settimanale diocesano \u00abLa Voce e il Tempo\u00bb, come presenza attiva sulle vicende del tempo che stiamo vivendo.<br \/>\nE&#8217; possibile ascoltare i dibattiti cliccando sui titoli degli incontri.<br \/>\nLuned\u00ec 8 aprile 2019: \u00abDio perdona, noi no? Il confine fra Giustizia e Carit\u00e0\u00bb. Relatore: Marcello Maddalena, magistrato.<br \/>\nLuned\u00ec 13 maggio 2019:&nbsp;\u00abPerch\u00e8 i musulmani onorano Maria Madre di Ges\u00f9\u00bb. Relatore: &#8230;<\/p>\n","protected":false},"author":11,"featured_media":0,"parent":430,"menu_order":5,"comment_status":"closed","ping_status":"closed","template":"","meta":{"_exactmetrics_skip_tracking":false,"_exactmetrics_sitenote_active":false,"_exactmetrics_sitenote_note":"","_exactmetrics_sitenote_category":0,"footnotes":""},"class_list":["post-4218","page","type-page","status-publish","hentry"],"_links":{"self":[{"href":"https:\/\/www.laconsolata.org\/index.php\/wp-json\/wp\/v2\/pages\/4218"}],"collection":[{"href":"https:\/\/www.laconsolata.org\/index.php\/wp-json\/wp\/v2\/pages"}],"about":[{"href":"https:\/\/www.laconsolata.org\/index.php\/wp-json\/wp\/v2\/types\/page"}],"author":[{"embeddable":true,"href":"https:\/\/www.laconsolata.org\/index.php\/wp-json\/wp\/v2\/users\/11"}],"replies":[{"embeddable":true,"href":"https:\/\/www.laconsolata.org\/index.php\/wp-json\/wp\/v2\/comments?post=4218"}],"version-history":[{"count":17,"href":"https:\/\/www.laconsolata.org\/index.php\/wp-json\/wp\/v2\/pages\/4218\/revisions"}],"predecessor-version":[{"id":5064,"href":"https:\/\/www.laconsolata.org\/index.php\/wp-json\/wp\/v2\/pages\/4218\/revisions\/5064"}],"up":[{"embeddable":true,"href":"https:\/\/www.laconsolata.org\/index.php\/wp-json\/wp\/v2\/pages\/430"}],"wp:attachment":[{"href":"https:\/\/www.laconsolata.org\/index.php\/wp-json\/wp\/v2\/media?parent=4218"}],"curies":[{"name":"wp","href":"https:\/\/api.w.org\/{rel}","templated":true}]}}