{"id":5822,"date":"2026-03-13T11:06:03","date_gmt":"2026-03-13T10:06:03","guid":{"rendered":"https:\/\/www.laconsolata.org\/?page_id=5822"},"modified":"2026-03-13T11:10:10","modified_gmt":"2026-03-13T10:10:10","slug":"ferrero-don-giuseppe","status":"publish","type":"page","link":"https:\/\/www.laconsolata.org\/index.php\/storia-dei-sacerdoti-del-santuario\/ferrero-don-giuseppe\/","title":{"rendered":"Ferrero don Giuseppe"},"content":{"rendered":"<div class=\"wp-block-image\">\n<figure class=\"aligncenter size-large is-resized\"><a href=\"http:\/\/www.laconsolata.org\/wp-content\/uploads\/2026\/03\/Don-Beppe-Ferrero_PER-WEB-scaled.jpg\" target=\"_blank\" rel=\"noreferrer noopener\"><img loading=\"lazy\" decoding=\"async\" width=\"768\" height=\"1024\" src=\"http:\/\/www.laconsolata.org\/wp-content\/uploads\/2026\/03\/Don-Beppe-Ferrero_PER-WEB-768x1024.jpg\" alt=\"\" class=\"wp-image-5856\" style=\"width:349px;height:auto\" srcset=\"https:\/\/www.laconsolata.org\/wp-content\/uploads\/2026\/03\/Don-Beppe-Ferrero_PER-WEB-768x1024.jpg 768w, https:\/\/www.laconsolata.org\/wp-content\/uploads\/2026\/03\/Don-Beppe-Ferrero_PER-WEB-225x300.jpg 225w, https:\/\/www.laconsolata.org\/wp-content\/uploads\/2026\/03\/Don-Beppe-Ferrero_PER-WEB-1152x1536.jpg 1152w, https:\/\/www.laconsolata.org\/wp-content\/uploads\/2026\/03\/Don-Beppe-Ferrero_PER-WEB-1536x2048.jpg 1536w, https:\/\/www.laconsolata.org\/wp-content\/uploads\/2026\/03\/Don-Beppe-Ferrero_PER-WEB-scaled.jpg 1920w\" sizes=\"(max-width: 768px) 100vw, 768px\" \/><\/a><\/figure><\/div>\n\n\n<p class=\"has-text-align-center has-white-color has-text-color has-link-color wp-elements-18c923940a30317fb885756c7a4936e9\">__<\/p>\n\n\n\n<p style=\"font-size:15px\">Don Sergio Baravalle, nuovo Rettore della Basilica-Santuario della Consolata e del Convitto Ecclesiastico, nella sua sensibilit\u00e0 mi ha invitato a scrivere una breve testimonianza del mio passato sul ministero, forse perch\u00e9 decano del clero torinese. Scrivo a 97 anni di et\u00e0 e 73 di ordinazione sacerdotale. Fa pensare al &#8220;canto del cigno&#8221;. Tuttavia colgo l&#8217;opportunit\u00e0 per ringraziare di cuore il Signore e la Madonna per il dono del Battesimo e dell&#8217;Ordinazione Sacerdotale mia e dei miei amici di Seminario (anche se loro lo fanno meglio di me nella visione beatifica).<\/p>\n\n\n\n<p style=\"font-size:18px\"><strong>29 giugno 1952<\/strong><\/p>\n\n\n\n<p style=\"font-size:15px\">Il Cardinal Arcivescovo Maurilio Fossati mi <em>&#8220;impose le mani&#8221;<\/em> (don Giuseppe Boano nella biografia del 1991 lo dice: <em>&#8220;umile prete vestito di porpora&#8221;<\/em>). Ci attendono i due anni del Convitto della Consolata per prepararci nell&#8217;immediatezza al ministero, soprattutto nella teologia morale, secondo la grande tradizione piemontese, tramandataci da illustri maestri, non ultimo San Giuseppe Cafasso. Dopo l&#8217;esame del &#8220;moralone&#8221; (cio\u00e8 di tutta la teologia morale), siamo inviati in ministeri nuovi: don Francesco Marchisano sar\u00e0 inviato a Roma e diventer\u00e0 Cardinale di Sacra Romana Chiesa ; i pi\u00f9&nbsp; nelle parrocchie, qualcuno in altri ministeri. Siamo in 18. Si inizia a sentire la crisi della risposta alla chiamata del Signore.<\/p>\n\n\n\n<p style=\"font-size:18px\"><strong>1953<\/strong><\/p>\n\n\n\n<p style=\"font-size:15px\">Dopo il primo anno di Convitto fui inviato Cuorgn\u00e8 (TO) come vice parroco del caro e grande can. Domenico Cibrario. Furono quattro anni di gioiose esperienze sacerdotali. Anzitutto l&#8217;oratorio \u00e8 frequentato da tanti ragazzi, che formeranno il <em>&#8220;Piccolo Clero&#8221;<\/em> nelle funzioni parrocchiali (con bellissimi vestiti rossi e cotte). Poi le visite quasi quotidiane degli ammalati della parrocchia e dell&#8217;ospedale civico, oltre gli impegni organizzativi pastorali e le confessioni sacramentali.<\/p>\n\n\n\n<p style=\"font-size:15px\">In quel tempo inizi\u00f2 l&#8217;era della televisione. Il parroco dot\u00f2 l&#8217;oratorio di un televisore con schermo abbastanza grande. Era una rarit\u00e0 e molti accorrevano nel salone, specialmente al gioved\u00ec, quando Mike Bongiorno conduceva lo spettacolo <em>&#8220;Lascia o raddoppia&#8221;<\/em>.<\/p>\n\n\n\n<p style=\"font-size:18px\"><strong>1957<\/strong><\/p>\n\n\n\n<p style=\"font-size:15px\">Il Vescovo ausiliare Monsignor Francesco Bottino venne a Cuorgn\u00e8 ad amministrare le Cresime. Stava cercando un sostituto a don Arnosio, diventato parroco. A funzione ultimata, in sacrestia, mi chiese: &#8220;da quanto tempo \u00e8 qui a Cuorgn\u00e8?&#8221;. Risposi: &#8220;da quattro anni&#8221;. Ci salutammo cordialmente. Dopo alcuni giorni una sua lettera mi informava che aveva parlato con l&#8217;Arcivescovo, il quale era d&#8217;accordo per il mio trasferimento a Torino. Ricordo che piansi mentre in macchina con mio fratello lasciammo Cuorgn\u00e8 dopo la mia prima esperienza sacerdotale. Devo per\u00f2 dire che a Torino mi trovai altrettanto bene come a Cuorgn\u00e8. Mi furono affidati i giovani, oltre alla visita quasi quotidiana alla clinica Sansoni di Piazza Vittorio Veneto e le confessioni a ore fisse della giornata. C&#8217;era poi l&#8217;ufficio parrocchiale alternato con due confratelli. Tante erano le richieste dai parrocchiani. A quel tempo, dopo un decennio di vicecura, si era soliti presentarsi al concorso per le parrocchie vacanti. Erano due giorni passati in Curia per la risoluzione scritta (in latino) dei casi di morale e con la predica scritta (ovviamente in italiano) su tema dettato dall&#8217;Arcivescovo stesso. Mi presentai. Ebbi (mi si disse) buon risultato, ma non mi preoccupava il pensiero di esser nominato parroco.<\/p>\n\n\n\n<p style=\"font-size:18px\"><strong>1963<\/strong><\/p>\n\n\n\n<p style=\"font-size:15px\">La parrocchia di Lanzo Torinese venne a trovarsi veramente in una situazione debitoria critica. Lanzo era sede foraniale, unita alla mensa vescovile. Mi venne fatta la proposta di diventarne parroco. Dopo aver molto riflettuto e pregato, ho dato il mio assenso. Divenni il quinto successore del Beato Federico Albert: 1\/IX\/1963. Vi rimasi per vent&#8217;anni. Lasciai con rincrescimento la parrocchia della SS. Annunziata dopo tante belle esperienze di fede, specialmente con i giovani.<\/p>\n\n\n\n<p style=\"font-size:15px\">L&#8217;11 ottobre 1962 era iniziato il Vaticano II con tanti forti richiami sulla missionariet\u00e0 dei battezzati. Inizia l&#8217;era dei mass media. Tutto era un richiamo a &#8220;non anteporre nulla a Cristo e sentirsi Uniti nella sua Chiesa\u201d. Di qui lo sforzo per inculcare nella popolazione (e specialmente nei giovani) le proposte conciliari. Trovai un&#8217;ottima collaborazione nei sacerdoti del Collegio Salesiano e nelle Suore Albertine. Non mancarono le difficolt\u00e0 di ordine economico, anche per l&#8217;urgenza di certi lavori edilizi. Una convinzione \u00e8 stata fondamentale: essere umili strumenti del Signore.<\/p>\n\n\n\n<p style=\"font-size:18px\"><strong>1982<\/strong><\/p>\n\n\n\n<p style=\"font-size:15px\">L&#8217;ultima chiamata pastorale \u00e8 stata a S. Tommaso in Torino. Dur\u00f2 trent&#8217;anni in un tessuto cittadino non sempre facile. Nell&#8217;intento di formare dei collaboratori cercai di accostare le famiglie, visitandole personalmente -scala per scala, dalle 15 alle 17 di ogni giorno- da ottobre a Pasqua. Il dopo Pasqua era riservato ai tanti negozi del centro storico. Per 26 volte accostai tante persone finch\u00e9, nel 2009, fui colpito da ictus celebrale. Il Signore e la Madonna mi diedero coraggio per affrontare cure ospedaliere e la riabilitazione. Potei seguire (sia pure in modo pi\u00f9 limitato) la popolazione e continuare l&#8217;ufficio di penitenziere diocesano (2007\/2010).<\/p>\n\n\n\n<p style=\"font-size:18px\"><strong>2012<\/strong><\/p>\n\n\n\n<p style=\"font-size:15px\">Il compianto Arcivescovo Cesare Nosiglia, convocatomi in Curia, dopo avermi chiesto quanti erano gli anni di ministero in S. Tommaso, mi disse: &#8220;d&#8217;ora in poi sarai memoria storica&#8221;. <strong><\/strong><\/p>\n\n\n\n<p style=\"font-size:15px\">Il Convitto della Consolata mi accolse con don Marino Basso. In questi 13 anni ho goduto nel confessionale la gioia di tante persone che si sono incontrate con la misericordia di Dio e dei bravi confratelli con il Rettore monsignor Giacomo Martinacci e ora don Sergio Baravalle.<\/p>\n\n\n\n<p style=\"font-size:18px\"><strong>Concludendo<\/strong><\/p>\n\n\n\n<p style=\"font-size:15px\">In tanti anni di ministero ho ricercato di attuare le linee conciliari impegnandomi, quanto possibile, a formare cristiani autentici, desiderosi di vivere e diffondere il messaggio di Ges\u00f9, uniti nella Comunit\u00e0, secondo il motto benedettino <em>&#8220;non anteporre nulla a Cristo<\/em>&#8220;. Ges\u00f9 si segue se si \u00e8 innamorati di Lui &#8230; come la Madonna.<\/p>\n\n\n\n<p style=\"font-size:15px\">Mi sono impegnato a &#8220;combattere la buona battaglia &#8220;sia pure con tutti i limiti. So che si avvicina ogni giorno il momento di <em>&#8220;ammainare le vele&#8221;<\/em> ed incontrarmi con la misericordia del Padre. Non mi resta che ripetere come e per mezzo della Madonna: &#8220;eccomi!&#8221;. Sar\u00e0 il momento del raccolto nella visione trinitaria. Me lo assicura Ges\u00f9.<\/p>\n\n\n\n<p class=\"has-text-align-right\" style=\"font-size:15px\"><em>Ferrero don Giuseppe<\/em><\/p>\n\n\n\n<p class=\"has-text-align-right\" style=\"font-size:15px\"><em>Torino, Gennaio 2026<\/em><\/p>\n\n\n\n<p><\/p>\n","protected":false},"excerpt":{"rendered":"<p>__<\/p>\n<p>Don Sergio Baravalle, nuovo Rettore della Basilica-Santuario della Consolata e del Convitto Ecclesiastico, nella sua sensibilit\u00e0 mi ha invitato a scrivere una breve testimonianza del mio passato sul ministero, forse perch\u00e9 decano del clero torinese. Scrivo a 97 anni di et\u00e0 e 73 di ordinazione sacerdotale. Fa pensare al &#8220;canto del cigno&#8221;. Tuttavia colgo l&#8217;opportunit\u00e0 per ringraziare di cuore il Signore e la Madonna per il dono del Battesimo e dell&#8217;Ordinazione Sacerdotale mia e dei miei amici di Seminario (anche se loro lo fanno meglio di me nella visione beatifica).<\/p>\n<p>29 &#8230;<\/p>\n","protected":false},"author":11,"featured_media":5856,"parent":5740,"menu_order":2,"comment_status":"closed","ping_status":"closed","template":"","meta":{"_exactmetrics_skip_tracking":false,"_exactmetrics_sitenote_active":false,"_exactmetrics_sitenote_note":"","_exactmetrics_sitenote_category":0,"footnotes":""},"class_list":["post-5822","page","type-page","status-publish","has-post-thumbnail","hentry"],"_links":{"self":[{"href":"https:\/\/www.laconsolata.org\/index.php\/wp-json\/wp\/v2\/pages\/5822"}],"collection":[{"href":"https:\/\/www.laconsolata.org\/index.php\/wp-json\/wp\/v2\/pages"}],"about":[{"href":"https:\/\/www.laconsolata.org\/index.php\/wp-json\/wp\/v2\/types\/page"}],"author":[{"embeddable":true,"href":"https:\/\/www.laconsolata.org\/index.php\/wp-json\/wp\/v2\/users\/11"}],"replies":[{"embeddable":true,"href":"https:\/\/www.laconsolata.org\/index.php\/wp-json\/wp\/v2\/comments?post=5822"}],"version-history":[{"count":12,"href":"https:\/\/www.laconsolata.org\/index.php\/wp-json\/wp\/v2\/pages\/5822\/revisions"}],"predecessor-version":[{"id":5860,"href":"https:\/\/www.laconsolata.org\/index.php\/wp-json\/wp\/v2\/pages\/5822\/revisions\/5860"}],"up":[{"embeddable":true,"href":"https:\/\/www.laconsolata.org\/index.php\/wp-json\/wp\/v2\/pages\/5740"}],"wp:featuredmedia":[{"embeddable":true,"href":"https:\/\/www.laconsolata.org\/index.php\/wp-json\/wp\/v2\/media\/5856"}],"wp:attachment":[{"href":"https:\/\/www.laconsolata.org\/index.php\/wp-json\/wp\/v2\/media?parent=5822"}],"curies":[{"name":"wp","href":"https:\/\/api.w.org\/{rel}","templated":true}]}}

<div class="wp-block-image">
<figure class="aligncenter size-large is-resized"><a href="http://www.laconsolata.org/wp-content/uploads/2026/03/Don-Beppe-Ferrero_PER-WEB-scaled.jpg" target="_blank" rel="noreferrer noopener"><img loading="lazy" decoding="async" width="768" height="1024" src="http://www.laconsolata.org/wp-content/uploads/2026/03/Don-Beppe-Ferrero_PER-WEB-768x1024.jpg" alt="" class="wp-image-5856" style="width:349px;height:auto" srcset="https://www.laconsolata.org/wp-content/uploads/2026/03/Don-Beppe-Ferrero_PER-WEB-768x1024.jpg 768w, https://www.laconsolata.org/wp-content/uploads/2026/03/Don-Beppe-Ferrero_PER-WEB-225x300.jpg 225w, https://www.laconsolata.org/wp-content/uploads/2026/03/Don-Beppe-Ferrero_PER-WEB-1152x1536.jpg 1152w, https://www.laconsolata.org/wp-content/uploads/2026/03/Don-Beppe-Ferrero_PER-WEB-1536x2048.jpg 1536w, https://www.laconsolata.org/wp-content/uploads/2026/03/Don-Beppe-Ferrero_PER-WEB-scaled.jpg 1920w" sizes="(max-width: 768px) 100vw, 768px" /></a></figure></div>


<p class="has-text-align-center has-white-color has-text-color has-link-color wp-elements-18c923940a30317fb885756c7a4936e9">__</p>



<p style="font-size:15px">Don Sergio Baravalle, nuovo Rettore della Basilica-Santuario della Consolata e del Convitto Ecclesiastico, nella sua sensibilità mi ha invitato a scrivere una breve testimonianza del mio passato sul ministero, forse perché decano del clero torinese. Scrivo a 97 anni di età e 73 di ordinazione sacerdotale. Fa pensare al &#8220;canto del cigno&#8221;. Tuttavia colgo l&#8217;opportunità per ringraziare di cuore il Signore e la Madonna per il dono del Battesimo e dell&#8217;Ordinazione Sacerdotale mia e dei miei amici di Seminario (anche se loro lo fanno meglio di me nella visione beatifica).</p>



<p style="font-size:18px"><strong>29 giugno 1952</strong></p>



<p style="font-size:15px">Il Cardinal Arcivescovo Maurilio Fossati mi <em>&#8220;impose le mani&#8221;</em> (don Giuseppe Boano nella biografia del 1991 lo dice: <em>&#8220;umile prete vestito di porpora&#8221;</em>). Ci attendono i due anni del Convitto della Consolata per prepararci nell&#8217;immediatezza al ministero, soprattutto nella teologia morale, secondo la grande tradizione piemontese, tramandataci da illustri maestri, non ultimo San Giuseppe Cafasso. Dopo l&#8217;esame del &#8220;moralone&#8221; (cioè di tutta la teologia morale), siamo inviati in ministeri nuovi: don Francesco Marchisano sarà inviato a Roma e diventerà Cardinale di Sacra Romana Chiesa ; i più&nbsp; nelle parrocchie, qualcuno in altri ministeri. Siamo in 18. Si inizia a sentire la crisi della risposta alla chiamata del Signore.</p>



<p style="font-size:18px"><strong>1953</strong></p>



<p style="font-size:15px">Dopo il primo anno di Convitto fui inviato Cuorgnè (TO) come vice parroco del caro e grande can. Domenico Cibrario. Furono quattro anni di gioiose esperienze sacerdotali. Anzitutto l&#8217;oratorio è frequentato da tanti ragazzi, che formeranno il <em>&#8220;Piccolo Clero&#8221;</em> nelle funzioni parrocchiali (con bellissimi vestiti rossi e cotte). Poi le visite quasi quotidiane degli ammalati della parrocchia e dell&#8217;ospedale civico, oltre gli impegni organizzativi pastorali e le confessioni sacramentali.</p>



<p style="font-size:15px">In quel tempo iniziò l&#8217;era della televisione. Il parroco dotò l&#8217;oratorio di un televisore con schermo abbastanza grande. Era una rarità e molti accorrevano nel salone, specialmente al giovedì, quando Mike Bongiorno conduceva lo spettacolo <em>&#8220;Lascia o raddoppia&#8221;</em>.</p>



<p style="font-size:18px"><strong>1957</strong></p>



<p style="font-size:15px">Il Vescovo ausiliare Monsignor Francesco Bottino venne a Cuorgnè ad amministrare le Cresime. Stava cercando un sostituto a don Arnosio, diventato parroco. A funzione ultimata, in sacrestia, mi chiese: &#8220;da quanto tempo è qui a Cuorgnè?&#8221;. Risposi: &#8220;da quattro anni&#8221;. Ci salutammo cordialmente. Dopo alcuni giorni una sua lettera mi informava che aveva parlato con l&#8217;Arcivescovo, il quale era d&#8217;accordo per il mio trasferimento a Torino. Ricordo che piansi mentre in macchina con mio fratello lasciammo Cuorgnè dopo la mia prima esperienza sacerdotale. Devo però dire che a Torino mi trovai altrettanto bene come a Cuorgnè. Mi furono affidati i giovani, oltre alla visita quasi quotidiana alla clinica Sansoni di Piazza Vittorio Veneto e le confessioni a ore fisse della giornata. C&#8217;era poi l&#8217;ufficio parrocchiale alternato con due confratelli. Tante erano le richieste dai parrocchiani. A quel tempo, dopo un decennio di vicecura, si era soliti presentarsi al concorso per le parrocchie vacanti. Erano due giorni passati in Curia per la risoluzione scritta (in latino) dei casi di morale e con la predica scritta (ovviamente in italiano) su tema dettato dall&#8217;Arcivescovo stesso. Mi presentai. Ebbi (mi si disse) buon risultato, ma non mi preoccupava il pensiero di esser nominato parroco.</p>



<p style="font-size:18px"><strong>1963</strong></p>



<p style="font-size:15px">La parrocchia di Lanzo Torinese venne a trovarsi veramente in una situazione debitoria critica. Lanzo era sede foraniale, unita alla mensa vescovile. Mi venne fatta la proposta di diventarne parroco. Dopo aver molto riflettuto e pregato, ho dato il mio assenso. Divenni il quinto successore del Beato Federico Albert: 1/IX/1963. Vi rimasi per vent&#8217;anni. Lasciai con rincrescimento la parrocchia della SS. Annunziata dopo tante belle esperienze di fede, specialmente con i giovani.</p>



<p style="font-size:15px">L&#8217;11 ottobre 1962 era iniziato il Vaticano II con tanti forti richiami sulla missionarietà dei battezzati. Inizia l&#8217;era dei mass media. Tutto era un richiamo a &#8220;non anteporre nulla a Cristo e sentirsi Uniti nella sua Chiesa”. Di qui lo sforzo per inculcare nella popolazione (e specialmente nei giovani) le proposte conciliari. Trovai un&#8217;ottima collaborazione nei sacerdoti del Collegio Salesiano e nelle Suore Albertine. Non mancarono le difficoltà di ordine economico, anche per l&#8217;urgenza di certi lavori edilizi. Una convinzione è stata fondamentale: essere umili strumenti del Signore.</p>



<p style="font-size:18px"><strong>1982</strong></p>



<p style="font-size:15px">L&#8217;ultima chiamata pastorale è stata a S. Tommaso in Torino. Durò trent&#8217;anni in un tessuto cittadino non sempre facile. Nell&#8217;intento di formare dei collaboratori cercai di accostare le famiglie, visitandole personalmente -scala per scala, dalle 15 alle 17 di ogni giorno- da ottobre a Pasqua. Il dopo Pasqua era riservato ai tanti negozi del centro storico. Per 26 volte accostai tante persone finché, nel 2009, fui colpito da ictus celebrale. Il Signore e la Madonna mi diedero coraggio per affrontare cure ospedaliere e la riabilitazione. Potei seguire (sia pure in modo più limitato) la popolazione e continuare l&#8217;ufficio di penitenziere diocesano (2007/2010).</p>



<p style="font-size:18px"><strong>2012</strong></p>



<p style="font-size:15px">Il compianto Arcivescovo Cesare Nosiglia, convocatomi in Curia, dopo avermi chiesto quanti erano gli anni di ministero in S. Tommaso, mi disse: &#8220;d&#8217;ora in poi sarai memoria storica&#8221;. <strong></strong></p>



<p style="font-size:15px">Il Convitto della Consolata mi accolse con don Marino Basso. In questi 13 anni ho goduto nel confessionale la gioia di tante persone che si sono incontrate con la misericordia di Dio e dei bravi confratelli con il Rettore monsignor Giacomo Martinacci e ora don Sergio Baravalle.</p>



<p style="font-size:18px"><strong>Concludendo</strong></p>



<p style="font-size:15px">In tanti anni di ministero ho ricercato di attuare le linee conciliari impegnandomi, quanto possibile, a formare cristiani autentici, desiderosi di vivere e diffondere il messaggio di Gesù, uniti nella Comunità, secondo il motto benedettino <em>&#8220;non anteporre nulla a Cristo</em>&#8220;. Gesù si segue se si è innamorati di Lui &#8230; come la Madonna.</p>



<p style="font-size:15px">Mi sono impegnato a &#8220;combattere la buona battaglia &#8220;sia pure con tutti i limiti. So che si avvicina ogni giorno il momento di <em>&#8220;ammainare le vele&#8221;</em> ed incontrarmi con la misericordia del Padre. Non mi resta che ripetere come e per mezzo della Madonna: &#8220;eccomi!&#8221;. Sarà il momento del raccolto nella visione trinitaria. Me lo assicura Gesù.</p>



<p class="has-text-align-right" style="font-size:15px"><em>Ferrero don Giuseppe</em></p>



<p class="has-text-align-right" style="font-size:15px"><em>Torino, Gennaio 2026</em></p>



<p></p>

<p>__</p>
<p>Don Sergio Baravalle, nuovo Rettore della Basilica-Santuario della Consolata e del Convitto Ecclesiastico, nella sua sensibilità mi ha invitato a scrivere una breve testimonianza del mio passato sul ministero, forse perché decano del clero torinese. Scrivo a 97 anni di età e 73 di ordinazione sacerdotale. Fa pensare al &#8220;canto del cigno&#8221;. Tuttavia colgo l&#8217;opportunità per ringraziare di cuore il Signore e la Madonna per il dono del Battesimo e dell&#8217;Ordinazione Sacerdotale mia e dei miei amici di Seminario (anche se loro lo fanno meglio di me nella visione beatifica).</p>
<p>29 &#8230;</p>
