{"id":5851,"date":"2026-03-13T11:56:34","date_gmt":"2026-03-13T10:56:34","guid":{"rendered":"https:\/\/www.laconsolata.org\/?page_id=5851"},"modified":"2026-03-20T10:23:52","modified_gmt":"2026-03-20T09:23:52","slug":"pollano-mons-giuseppe","status":"publish","type":"page","link":"https:\/\/www.laconsolata.org\/index.php\/storia-dei-sacerdoti-del-santuario\/sacerdoti-defunti\/pollano-mons-giuseppe\/","title":{"rendered":"Pollano mons. Giuseppe"},"content":{"rendered":"<div class=\"wp-block-image\">\n<figure class=\"aligncenter size-large is-resized\"><a href=\"https:\/\/www.laconsolata.org\/wp-content\/uploads\/2026\/03\/Pollano-bordo-Azzurro_RGB.jpg\" target=\"_blank\" rel=\"noreferrer noopener\"><img loading=\"lazy\" decoding=\"async\" width=\"862\" height=\"1024\" src=\"https:\/\/www.laconsolata.org\/wp-content\/uploads\/2026\/03\/Pollano-bordo-Azzurro_RGB-862x1024.jpg\" alt=\"\" class=\"wp-image-5865\" style=\"width:406px;height:auto\" srcset=\"https:\/\/www.laconsolata.org\/wp-content\/uploads\/2026\/03\/Pollano-bordo-Azzurro_RGB-862x1024.jpg 862w, https:\/\/www.laconsolata.org\/wp-content\/uploads\/2026\/03\/Pollano-bordo-Azzurro_RGB-252x300.jpg 252w, https:\/\/www.laconsolata.org\/wp-content\/uploads\/2026\/03\/Pollano-bordo-Azzurro_RGB-768x913.jpg 768w, https:\/\/www.laconsolata.org\/wp-content\/uploads\/2026\/03\/Pollano-bordo-Azzurro_RGB.jpg 1050w\" sizes=\"(max-width: 862px) 100vw, 862px\" \/><\/a><\/figure><\/div>\n\n\n<p class=\"has-text-align-center has-white-color has-text-color has-link-color wp-elements-004bbb375be46a850bf787efb5eedf26\">___<\/p>\n\n\n\n<p class=\"has-black-color has-text-color has-link-color wp-elements-73197f04a6a40e97935c3e2d5b527d3c\" style=\"font-size:15px\">\u00c8 deceduto nell&#8217;ospedale Gradenigo in Torino il <strong>2 gennaio 2010<\/strong>, all&#8217;et\u00e0 di 82 anni, dopo 58 di ministero sacerdotale.<\/p>\n\n\n\n<p class=\"has-black-color has-text-color has-link-color wp-elements-5dad47c8e16f49ec7e1937d3b2efbc14\" style=\"font-size:15px\">Nato in Torino il <strong>20 aprile 1927<\/strong>, aveva maturato la vocazione durante la seconda guerra mondiale entrando poi in Seminario per gli studi teologici, compiuti inizialmente nella sede di Torino e poi a Rivoli. Era stato ordinato sacerdote in cattedrale, il 29 giugno 1951, dell&#8217;Arcivescovo Cardinal Maurilio Fossati.<\/p>\n\n\n\n<p class=\"has-black-color has-text-color has-link-color wp-elements-957ed80c7740781796b7460f58668d72\" style=\"font-size:15px\">La sua \u00e8 stata una vita interamente spesa nel Santuario della Consolata, nei cui pressi era nato e dove rimase per tutti gli anni del suo ministero sacerdotale. Il confessionale e l&#8217;altare, ma anche il tavolino della sacrestia e le salette-parlatorio del vicino Convitto Ecclesiastico sono stati la sua cattedra e il luogo d&#8217;incontro con chi era alla ricerca di Dio, con quanti desideravano trovare un valido accompagnamento spirituale e con coloro con i quali condivideva ogni sua avere per alleviarne disagi economici. Eppure non si ferm\u00f2 l\u00ec, seppe andare oltre per mettere a disposizione anche i suoi talenti culturali e la sua profonda sapienza. Fu docente di teologia spirituale, fecondo pubblicista scrittore, organizzatore di convegni, collaboratori di quattro Arcivescovi -il Cardinali Pellegrino, Ballestrero, Saldarini e Poletto-, responsabile diocesano della pastorale della cultura e della scuola, punto di riferimento per anime consacrate e per nuove aggregazioni laterali.<\/p>\n\n\n\n<p class=\"has-black-color has-text-color has-link-color wp-elements-0d6e805a1278d1328ae4069e3e1036fa\" style=\"font-size:15px\">Nei primi anni di ministero si era dedicato ad incontri di formazione, di preghiere e riflessione per le studentesse delle scuole superiori, passando poi agli studenti delle facolt\u00e0 universitarie. Nei primi anni \u201870 fece rifiorire il gruppo dei Docenti Universitari Cattolici e fu assistente dell&#8217;Unione Cattolica Insegnanti Medi anche a livello regionale. L&#8217;avvio di Radio Proposta lo vide come vinto sostenitore. I grandi convegni ecclesiali nazionali di Loreto e di Palermo ebbero i contributi delle sue riflessioni e ancora maggiore fu la sua opera nel Convegno Diocesano <em>&#8220;Cristiani e cultura a Torino&#8221;<\/em> voluto nel 1987 dal Cardinal Ballestrero come applicazione a Torino di quanto maturato in quello di Loreto, nel Sinodo diocesano voluto dal Cardinal Saldarini e nel convegno <em>&#8220;La Chiesa dialoga con la citt\u00e0&#8221;<\/em>, promosso a pochi mesi dall&#8217;inizio del suo ministero episcopale torinese dell&#8217;Arcivescovo Poletto, e da cui deriv\u00f2 il <em>&#8220;Forum Chiesa-Citt\u00e0&#8221;<\/em>, come luogo privilegiato d\u2019incontro di cui monsignor Pollano era coordinatore e cuore sia attraverso l&#8217;organizzazione delle sessioni, ma anche soprattutto attraverso gli incontri personali con i vari membri del <em>Forum<\/em>, persone autorevoli responsabili della societ\u00e0 torinese.<\/p>\n\n\n\n<p class=\"has-black-color has-text-color has-link-color wp-elements-01b27e868b019d9f0c56947338d00bc7\" style=\"font-size:15px\">Le varie responsabilit\u00e0 a lui affidate nella pastorale diocesana come Vicario Episcopale, prima, e poi come Delegato Arcivescovile, come Direttore dell&#8217;Ufficio Catechistico, come Responsabile della formazione permanente del Clero, come membro dei Consigli Diocesani presbiterale pastorale, oltre che di Consulente, portarono l&#8217;Arcivescovo Cardinale Saldarini a chiedere per lui nel 1994 la nomina a membro della Famiglia Pontificia Ecclesiastica con il titolo di Protonotario Apostolico Soprannumerario.<\/p>\n\n\n\n<p class=\"has-black-color has-text-color has-link-color wp-elements-2b20212668f91f8ef350c2ad49b746f7\" style=\"font-size:15px\">L&#8217;ultimo tratto della sua vita \u00e8 stato contraddistinto dalla sofferenza della malattia che ha fatto maturare ulteriormente la sua immedesimazione in Ges\u00f9 Crocifisso: ha saputo dire di s\u00ec alle cose pi\u00f9 difficili con il sorriso del consenso, ha sempre ringraziato tutti con molta dolcezza e umilt\u00e0, anche per le piccole cose, e la sua presenza nei vari luoghi di cura ha segnato di benedizione e di stupore coloro a cui era a vario titolo affidato.<\/p>\n\n\n\n<p class=\"has-black-color has-text-color has-link-color wp-elements-9b9ae1b845dcdf6e4938655b75058443\" style=\"font-size:15px\">Il suo corpo attende la risurrezione nel reparto riservato al Clero nel Cimitero Monumentale di Torino.<\/p>\n\n\n\n<p class=\"has-text-align-center has-white-color has-text-color has-link-color wp-elements-004bbb375be46a850bf787efb5eedf26\">___<\/p>\n\n\n\n<p class=\"has-text-align-left\" style=\"font-size:15px\"><em>Tratto dalla Rivista diocesana Torinese &#8211; anno LXXXVII &#8211; gennaio 2010&nbsp;<\/em><\/p>\n\n\n\n<p class=\"has-text-align-center has-cyan-bluish-gray-color has-text-color has-link-color wp-elements-bb383d337011338889cf921df5ae86bc\">__________________________<\/p>\n\n\n\n<p class=\"has-black-color has-text-color has-link-color wp-elements-99f2e4c498bbd6b406d4f14cedc6e34a\" style=\"font-size:18px\"><strong>Pubblicazioni:<\/strong><\/p>\n\n\n\n<p class=\"has-black-color has-text-color has-link-color wp-elements-27d1f8877bc8dfaa5e8a8edd73dcc2de\" style=\"font-size:14px\"><strong>Come in Cielo<\/strong> \u2013 1956 &#8211; 1984 (ed. Piemme) &#8211; 1989 (ed. Piemme) &#8211; 1995 &#8211; 2009 (ed. Effat\u00e0)<br><strong>Storia del Santuario della Consolata<\/strong> \u2013 1964 (ed. Santuario della Consolata)<br><strong>Nello specchio del Vangelo<\/strong> \u2013 1973 (ed. Gribaudi)<br><strong>Il canto di Maria<\/strong> \u2013 1982 (ed. Santuario della Consolata)<br><strong>Citt\u00e0 riconciliata<\/strong> \u2013 1983 (ed. Paoline)<br><strong>Si chiamava Maria<\/strong> \u2013 1983 (ed. Paoline) &#8211; 2017 (ed. Effat\u00e0)<br><strong>L\u2019avventura di cuoricino<\/strong> \u2013 1984 &#8211; 1997 (ed. Arti Grafiche S. Rocco)<br><strong>Il cuore di Dio fatto uomo<\/strong> \u2013 1986 (ed. Paoline) &#8211; 2004 (ed. Elle Di Ci)<br><strong>Maria: una vita vissuta in pienezza<\/strong> \u2013 1988 (ed. Paoline)<br><strong>Dio presente e trasformante<\/strong> \u2013 1993 (ed. Elle Di Ci)<br><strong>Ges\u00f9 ogni giorno<\/strong> \u2013 1994 (ed. Piemme)<br><strong>Cultura e santit\u00e0<\/strong>: <strong>realizzare il Vangelo della carit\u00e0<\/strong> \u2013 1995 (ed. Piemme)<br><strong>Contempl-attivi per il Regno: il cantico per Marta e Maria<\/strong> \u2013 1999 (ed. San Paolo)<br><strong>Maria: persona e grazia<\/strong> \u2013 2002 (ed. Paoline)<\/p>\n\n\n\n<p class=\"has-black-color has-text-color has-link-color wp-elements-5fc3613e9c81605fe8fff4857189bfc4\" style=\"font-size:14px\"><strong>Per una nuova cultura di carit\u00e0<\/strong>: Amare come Dio &#8211; 2003 (ed. Studium)<br><strong>La Chiesa \u00e8 carit\u00e0: la rivelazione dell&#8217;amore nell&#8217;enciclica di Benedetto XVI<\/strong> \u2013 2006 (ed. Studium)<br><strong>Via Mystica<\/strong> \u2013 2007 (ed. Effat\u00e0)<br><strong>Carit\u00e0 civilizzatrice: un popolo dal cuore nuovo<\/strong> \u2013 2009 (ed. Paoline)<br><strong>In Ges\u00f9 Cristo salvati dal finito<\/strong> \u2013 2010 <em>postumo<\/em> (ed. Studium)<br><strong>Adorando<\/strong> \u2013 2014 <em>postumo<\/em> (ed. Effat\u00e0)<\/p>\n\n\n\n<p class=\"has-text-align-left has-black-color has-text-color has-link-color wp-elements-afddf2cf117189770346f07986555428\" style=\"font-size:18px\"><strong>Omelie pubblicate<\/strong>:<br><\/p>\n\n\n\n<p class=\"has-text-align-left has-black-color has-text-color has-link-color wp-elements-24f7672f100247de755b4bc0cf541c2c\" style=\"font-size:14px\"><strong>Una proposta al giorno<\/strong>: meditazioni sui Vangeli trasmesse da Radio Proposta \u2013 1979 &#8211; 1980 &#8211; 1983 &#8211; 1988 (ed. Elle Di Ci)<br><strong>La Parola giorno per giorno<\/strong> \u2013 1980 &#8211; 1981 &#8211; 1983 &#8211; 1984 -1985 (ed. Elle di Ci)<br><strong>Il giorno e la Parola<\/strong>: commento al Vangelo dei giorni feriali \u2013 1990 (ed. Elle Di Ci)<br><strong>Alla mensa della Parola<\/strong> \u2013 2003 <em>(omelie per l&#8217;anno C)<\/em> &#8211; 2004 <em>(omelie per l&#8217;anno A)<\/em> &#8211; 2005 <em>(omelie per l&#8217;anno B)<\/em> (ed. Elle Di Ci)<\/p>\n\n\n\n<p class=\"has-black-color has-text-color has-link-color wp-elements-3faa722d7bdeff8e1eaf7561e189fdf8\" style=\"font-size:18px\"><strong>Incontri privati pubblicati<\/strong>:<br><\/p>\n\n\n\n<p class=\"has-black-color has-text-color has-link-color wp-elements-d55b5b02b2e3d553aed9519548ac5686\" style=\"font-size:14px\"><strong>Maria l\u2019aiuto<\/strong> \u2013 <em>Suore Maria Ausiliatrice<\/em> \u2013 1978 (ed. Elle Di Ci)<br><strong>Eucarestia da amare e fare amare<\/strong>: saggi ed esperienze \u2013 <em>Suore Immacolata Regina della Pace<\/em> \u2013 1982 (ed. Citt\u00e0 Nuova)<br><strong>Siamo dimora dell\u2019Eterno<\/strong>:<em> <\/em>8 schemi di Adorazione sulla vita religiosa \u2013 1989 (ed. Centro Eucaristico)<br><strong>Una donna vestita di sole<\/strong>: meditazioni mariane per religiose \u2013 <em>Suore Carmelitane Scalze Torino<\/em>  \u2013 1990 (ed. Elle Di Ci)<br><strong>Note di spiritualit\u00e0 delle Suore del Santo Natale<\/strong> \u2013 1992 (ed. Alzani) <br><strong>Donna riflesso di Cristo<\/strong> \u2013 <em>Figlie di Maria Regina delle madri<\/em> 2008 (ed. Effat\u00e0)<br><\/p>\n\n\n\n<p class=\"has-black-color has-text-color has-link-color wp-elements-2b0e520ec025cae310752f7f9bbc3747\" style=\"font-size:18px\"><strong>Scritti personali<\/strong>:<\/p>\n\n\n\n<p class=\"has-black-color has-text-color has-link-color wp-elements-6699e2cf4364f40327d71122a1711408\" style=\"font-size:14px\"><br><strong>Dialogo sul linguaggio dell\u2019amore divino<\/strong> \u2013 1989<em> (Biblioteca del Seminario di Torino)<\/em><br><\/p>\n\n\n\n<p class=\"has-black-color has-text-color has-link-color wp-elements-d61d7921e63f53e6f1005727d2bb4f0e\" style=\"font-size:18px\"><strong>Quaderni<\/strong>:<\/p>\n\n\n\n<p class=\"has-black-color has-text-color has-link-color wp-elements-c437af5b40cc7b07868fd4ded87fef47\" style=\"font-size:14px\"><br><strong>Impariamo a pregare<\/strong> \u2013 2006-2007<br><strong>Novena della Consolata<\/strong>: specchiarsi nella  consolazione di Maria &#8211; 2007<br><strong>Mi chiameranno beata<\/strong>: Maria, la Consolata di Dio \u2013 2008 (ed. Santuario della Consolata)<br><strong>Ricordati e ascoltami<\/strong> \u2013 2008<br><strong>Santuario di Maria<\/strong> \u2013 Casa della Parola<br><\/p>\n\n\n\n<p class=\"has-black-color has-text-color has-link-color wp-elements-7dea50e0ffbfc61fe8c797fbd4f2b765\" style=\"font-size:18px\"><strong>Testi pubblicati in memoria<\/strong>:<\/p>\n\n\n\n<p class=\"has-black-color has-text-color has-link-color wp-elements-94d2ac8b449bd10da618e919bcd0e082\" style=\"font-size:14px\"><br><strong>Lo ricordiamo cos\u00ec <\/strong>\u2013  Figlie di Maria Regina delle madri \u2013 2015<br><strong>Il tempo dello spirito<\/strong> \u2013 Atti del convegno \u2013 2015<br><strong>Un cammino di innamoramento divino<\/strong> di Rinaldo Bertolino \u2013 2015<\/p>\n\n\n\n<p class=\"has-text-align-center has-white-color has-text-color has-link-color wp-elements-b8142220dc4d36ff3a6637c7eb716b6b\" style=\"font-size:15px\">___<\/p>\n\n\n\n<p class=\"has-text-align-left\" style=\"font-size:14px\"><em>Bibliografia tratta dal libretto: &#8220;Un mistico al Santuario della Consolata a servizio della Chiesa di Torino&#8221;<\/em> <em>di don Giuseppe Tuninetti<\/em><\/p>\n\n\n\n<p style=\"font-size:15px\"><\/p>\n\n\n\n<p><\/p>\n","protected":false},"excerpt":{"rendered":"<p>___<\/p>\n<p>\u00c8 deceduto nell&#8217;ospedale Gradenigo in Torino il 2 gennaio 2010, all&#8217;et\u00e0 di 82 anni, dopo 58 di ministero sacerdotale.<\/p>\n<p>Nato in Torino il 20 aprile 1927, aveva maturato la vocazione durante la seconda guerra mondiale entrando poi in Seminario per gli studi teologici, compiuti inizialmente nella sede di Torino e poi a Rivoli. Era stato ordinato sacerdote in cattedrale, il 29 giugno 1951, dell&#8217;Arcivescovo Cardinal Maurilio Fossati.<\/p>\n<p>La sua \u00e8 stata una vita interamente spesa nel Santuario della Consolata, nei cui pressi era nato e dove rimase per tutti gli anni del &#8230;<\/p>\n","protected":false},"author":11,"featured_media":5865,"parent":5896,"menu_order":2,"comment_status":"closed","ping_status":"closed","template":"","meta":{"_exactmetrics_skip_tracking":false,"_exactmetrics_sitenote_active":false,"_exactmetrics_sitenote_note":"","_exactmetrics_sitenote_category":0,"footnotes":""},"class_list":["post-5851","page","type-page","status-publish","has-post-thumbnail","hentry"],"_links":{"self":[{"href":"https:\/\/www.laconsolata.org\/index.php\/wp-json\/wp\/v2\/pages\/5851"}],"collection":[{"href":"https:\/\/www.laconsolata.org\/index.php\/wp-json\/wp\/v2\/pages"}],"about":[{"href":"https:\/\/www.laconsolata.org\/index.php\/wp-json\/wp\/v2\/types\/page"}],"author":[{"embeddable":true,"href":"https:\/\/www.laconsolata.org\/index.php\/wp-json\/wp\/v2\/users\/11"}],"replies":[{"embeddable":true,"href":"https:\/\/www.laconsolata.org\/index.php\/wp-json\/wp\/v2\/comments?post=5851"}],"version-history":[{"count":16,"href":"https:\/\/www.laconsolata.org\/index.php\/wp-json\/wp\/v2\/pages\/5851\/revisions"}],"predecessor-version":[{"id":5891,"href":"https:\/\/www.laconsolata.org\/index.php\/wp-json\/wp\/v2\/pages\/5851\/revisions\/5891"}],"up":[{"embeddable":true,"href":"https:\/\/www.laconsolata.org\/index.php\/wp-json\/wp\/v2\/pages\/5896"}],"wp:featuredmedia":[{"embeddable":true,"href":"https:\/\/www.laconsolata.org\/index.php\/wp-json\/wp\/v2\/media\/5865"}],"wp:attachment":[{"href":"https:\/\/www.laconsolata.org\/index.php\/wp-json\/wp\/v2\/media?parent=5851"}],"curies":[{"name":"wp","href":"https:\/\/api.w.org\/{rel}","templated":true}]}}